19 = 4*z + 2*v - 535. Suppose m = -4*m + z. What is the tens digit of m?
2
Suppose -2*q - 2*f = -100, -2*q + 112 = 3*f - 5*f. What is the units digit of q?
3
Let z = -7 - -19. What is the units digit of z?
2
Let j(q) = 4*q**2 + 2*q - 2. Let r be j(-5). What is the units digit of r/14 - (-2)/(-7)?
6
Let y(f) = -4*f**3 - 2*f**2 - 3*f. Let t be y(-2). Suppose t = 2*u - 26. What is the tens digit of u?
2
Let j = 29 + 6. What is the tens digit of j?
3
Suppose 2*d + 6 - 1 = -m, d + 5*m = 11. Let i(a) = a**2 + 2*a - 3. Let k be i(d). Suppose k*g + 15 = p, p = 6*g - 3*g + 13. What is the units digit of p?
0
Let t(w) = w + 12. Let o be t(0). Suppose 5 - o = -c. What is the units digit of c?
7
Suppose 7*w = 4*w + 54. What is the units digit of w?
8
Let v = -13 + 18. Let u(p) = p**3 - 4*p**2 - 3*p + 4. What is the units digit of u(v)?
4
Let f(a) = -3*a**2 + 1. Let s be f(-2). Suppose 5 = -3*g - 4*p + 37, -4*g - 5*p + 44 = 0. Let y = g + s. What is the units digit of y?
5
Let p be (-4)/(-10) + (-96)/15. Suppose -7 = 5*r + 8. Let m = r - p. What is the units digit of m?
3
Let r = 6 + -3. Suppose -o - r = -14. What is the tens digit of o?
1
Let h = -13 + 18. Suppose -2*z = -h*z + 18. What is the units digit of z?
6
Let k(y) = -3 - 2*y**2 + 3*y**2 + 0*y**2 - 3*y. Let j = 3 + -5. What is the units digit of k(j)?
7
Let k = -5 - -5. Suppose k = -2*u + 8. What is the units digit of u?
4
Suppose 160 + 16 = 5*i + 4*p, -3*p + 141 = 4*i. What is the tens digit of i?
3
Let q(j) be the first derivative of j**4/4 + 8*j**3/3 - j**2/2 + 5*j - 2. Let z be q(-8). Let a = 32 - z. What is the units digit of a?
9
Suppose 0 = -2*v + 5*v + 6. Let h(n) = -3*n - 5. What is the units digit of h(v)?
1
What is the units digit of (12/8)/(12/40)?
5
Let y be (-15)/(-9)*(-6)/(-5). Suppose -j - 2*j + 2 = 2*l, 3*l + 5*j - y = 0. What is the units digit of l?
4
Let n = 16 + 12. What is the units digit of n?
8
Let x(y) = 4*y - 1 + 1 + 1 - 5. What is the tens digit of x(4)?
1
Let d be (38/(-5))/(2/(-10)). Suppose -d = -2*w + 10. Suppose w = a - 4*i - 0*i, 0 = -5*i - 25. What is the units digit of a?
4
Let q(p) = 2*p + 2. Let k(n) = 5*n + 5. Let f(g) = 3*k(g) - 8*q(g). What is the tens digit of f(-11)?
1
Suppose -2*k + 4*q = 2*k - 352, 4*k + 2*q - 328 = 0. What is the tens digit of k?
8
Let k = 8 - 5. Suppose -10 = -2*z + 3*z - 3*b, -15 = k*z - 4*b. Let d = 2 + z. What is the units digit of d?
1
Suppose -4*n + 5*c = 25, -n - 2*c + 10 = -0*c. Let f(m) = -m + 37. Let p be f(n). Suppose 2*u - 8 = u + d, -4*u + p = -5*d. What is the units digit of u?
3
Suppose 3*o = r + 5 + 5, r = -4. Suppose -18 = -o*j + 32. Suppose -31 = -4*g + j. What is the tens digit of g?
1
What is the units digit of (-1 + -1)/((-2)/83)?
3
Let q = -92 + 193. What is the units digit of q?
1
Let p(x) = 4*x**2 + 7*x - 18. What is the tens digit of p(6)?
6
Let h(w) = 12 - 2*w**3 + 2*w**3 + w - w**3. What is the units digit of h(0)?
2
Let v be 0 - (-1)/2*6. Suppose 0 = 4*g - 31 + v. What is the units digit of g?
7
Let o be (-1)/(-4) - (-191)/4. Suppose -6*f + 2*f = o. What is the units digit of 3/6*-1*f?
6
What is the units digit of (2/(-1))/((-2)/61)?
1
Let l(g) = g**3 - 3*g**2 - 7*g + 6. What is the tens digit of l(5)?
2
Suppose 6*q + 0*q - 12 = 0. What is the units digit of 24/18*51/q?
4
Suppose 10 = 4*i - 2. What is the tens digit of ((-5)/(-4))/(i/84)?
3
Suppose -4*y = -2*v + y, 0 = 4*y - 8. Suppose l - 10 + v = 0. Suppose -2*u = h - 2, 1 - 9 = -l*u - h. What is the units digit of u?
2
Let z = 52 - 30. Let l = -10 + z. What is the tens digit of l?
1
Let f = 16 + 6. What is the units digit of f?
2
Let r(g) = -g - 1. Let w be r(-3). Let u(t) = -3 - 1 - 2 + 2 - w*t. What is the units digit of u(-9)?
4
Suppose -4*m + 139 - 11 = 0. What is the tens digit of m?
3
What is the units digit of 2 - (0 - -3 - 4)?
3
Suppose 5 = f - 4*k, -f = 2*f - k - 15. Let d(i) = 7*i**2 - 12*i - 15. Let q(h) = -3*h**2 + 6*h + 7. Let b(w) = 2*d(w) + 5*q(w). What is the tens digit of b(f)?
1
Suppose 0 = -2*x + 26 + 28. What is the units digit of x?
7
Let z = 5 + 0. Let x(d) = 2*d**2 + 7*d + 2*d**2 - 5*d**2 - 7. What is the units digit of x(z)?
3
What is the hundreds digit of (-396)/10*(-60)/18?
1
Let s(g) = -g**3 + 4*g**2 + 4*g + 6. Let o(y) = 6*y**2 - 2*y + 1. Let k be o(1). Let f be s(k). Let x(n) = 7*n**3 + 1. What is the units digit of x(f)?
8
Suppose 23*s + 72 = 24*s. What is the tens digit of s?
7
Let y be 0 - (0/(-1) + -2). Let o(v) = 10*v**3 - 2*v**2 - v. Let q be o(y). Suppose -5*d - 30 = -q. What is the units digit of d?
8
Let i = 20 + -16. Suppose 0 = -i*l - 7 + 3, -5*l = -2*d + 83. What is the tens digit of d?
3
Suppose 0 = 5*c - 395 - 55. Let x = -64 + c. What is the tens digit of x?
2
Let n(q) = 2*q**2 + 3*q + 19. What is the hundreds digit of n(11)?
2
Suppose -4*k + 39 - 15 = 0. Suppose k*d = 4*d. Suppose d = -5*j + 20 + 15. What is the units digit of j?
7
Suppose -3*n + 48 = n. Suppose -4*w = -l - n, -5*w - 5*l + 8 + 7 = 0. What is the units digit of w?
3
Let d be (12/3)/(-4) + 4. Suppose -49 = -d*n - 5*r + 43, 4*n - 138 = r. What is the tens digit of n?
3
Let u(b) = -b**3 - b**2 + 3. Let s be u(0). Suppose -s*h - 9 = -4*h. What is the units digit of h?
9
Suppose i = 3 - 0. Suppose 0 = 8*t - 4*t. Suppose t = -3*y + 3 + i. What is the units digit of y?
2
Let v = -7 - -12. Suppose 95 = -5*n - v*y, 3*n + 7*y - 3*y = -60. Let a = -8 - n. What is the units digit of a?
8
Suppose 25 = 4*c - 7. Suppose 17 + c = 5*x. What is the units digit of (4/x)/(4/70)?
4
Suppose 4*s = 8 + 4. Suppose 0*h - 165 = -s*h. Suppose 4*y - 23 = -3*a, 4*y = 3*a - 0*a - h. What is the tens digit of a?
1
Let g = 172 - 68. What is the tens digit of g?
0
Let k(c) = -3*c + 2*c + 7*c. What is the units digit of k(2)?
2
Let z be (-8)/(-12) + 20/6. Suppose 3*p - 1 = 2, z*k = -p - 11. Let r = 4 + k. What is the units digit of r?
1
Suppose 1316 = 5*u - h, -2*h + 3 - 5 = 0. What is the tens digit of u?
6
Let o be 1/(7/6 + -1). Suppose -d + 5 + 3 = 0. Let t = d + o. What is the units digit of t?
4
Let u(m) = 5*m**2 - m. Let s be u(1). Let x be 1 - ((-3)/(-3) - 5). Suppose 0*f + 7 = 3*f + 4*w, s*w = x*f - 65. What is the units digit of f?
9
What is the tens digit of -2 + 1 + (-26)/(-2)?
1
Suppose -2*u - 3 = -5*k + 6, 4*k = 4*u + 12. What is the units digit of k?
1
Let s(b) = -b + 6. Let u be s(8). What is the units digit of ((-1)/u)/(7/140)?
0
Let k = 7 + -3. Suppose 4*v - 54 = 2*z - 7*z, 3*z = -v + 31. Suppose -x - 3*h + 5 = 0, 4*x - 2*h = -k*h + z. What is the units digit of x?
2
Suppose 2*x = 3 + 1. Let u(v) = -4 - 4*v + v**x + 2 - 2. What is the units digit of u(7)?
7
Suppose 3*x = 5*x - 74. Let p = x - 17. What is the units digit of p?
0
What is the units digit of 11/(2 + 4/(-4))?
1
Suppose 0 = -4*j - 25 + 81. Let o = 38 - j. What is the units digit of o?
4
Suppose 4*v + 85 = 3*w, v - 159 = -5*w - v. What is the tens digit of w?
3
Suppose -h - 1 = -38. What is the units digit of h?
7
Let x be 2/7 + 198/42. Suppose -3*u = x*k - 30, 3*u - 2*u - 30 = 5*k. What is the tens digit of u/10*28/3?
1
Suppose 0 = 4*l - 3*r - 66, -2*l + 8*r = 5*r - 30. What is the units digit of l?
8
Let r = 11 + -4. Suppose 5*k - r*k + 104 = 0. What is the units digit of k?
2
What is the units digit of -5*(-2 - -1) - 3?
2
Let q = -33 + 67. What is the tens digit of q?
3
Let u(p) = -p**3 - 6*p**2 + 16*p + 2. Let n be u(-8). What is the units digit of n*(30*-2)/(-3)?
0
Let t(m) = -m**3 + 16*m**2 - 14*m - 9. Let n be t(15). Let x(l) = 7*l. Let z(r) = r. Let g(y) = x(y) - 6*z(y). What is the units digit of g(n)?
6
Let n(j) = 4*j + 4. Suppose 0 = 5*q - 16 - 9. Let u be n(q). Suppose 2*g - 5*g + u = 0. What is the units digit of g?
8
Let n(s) = 4*s + 1. Suppose 2*l + 2*w = 2 + 2, -w + 14 = 5*l. Let m be n(l). Suppose 3*z = 4*z - 5*u - 16, -4*u - m = -z. What is the units digit of z?
1
Suppose -4*g + 4 + 4 = 0. Suppose -5*q + 0*v = g*v - 6, 0 = 5*q + 5*v - 15. Suppose q*m + 12 = 2*m. What is the units digit of m?
6
Suppose 2*f = 58 + 26. What is the units digit of f?
2
Let s(j) = 2*j - 10. Let g(h) = h + 3. Suppose -4*t - 3 = -23. Let d be g(t). What is the units digit of s(d)?
6
Let p(l) = -3*l**2 + 2*l**2 + 4*l**2 + 9 - 4*l**2. What is the units digit of p(0)?
9
Let c(d) = -11*d + 0*d**2 - 13 - d**2 - 